31, 17321
List the prime factors of 7453922.
2, 7, 17, 31319
List the prime factors of 63861.
3, 7, 3041
What are the prime factors of 843319?
17, 113, 439
What are the prime factors of 10539693?
3, 390359
List the prime factors of 41066232.
2, 3, 1711093
List the prime factors of 208475.
5, 31, 269
List the prime factors of 8827045.
5, 373, 4733
List the prime factors of 16171004.
2, 439, 9209
List the prime factors of 7899109.
101, 197, 397
List the prime factors of 92458.
2, 46229
What are the prime factors of 19965611?
317, 62983
What are the prime factors of 20400460?
2, 5, 1020023
What are the prime factors of 114626?
2, 37, 1549
What are the prime factors of 949800?
2, 3, 5, 1583
What are the prime factors of 129613?
11, 11783
What are the prime factors of 1351443?
3, 450481
What are the prime factors of 132178?
2, 66089
List the prime factors of 148811.
13, 11447
List the prime factors of 441645.
3, 5, 29443
List the prime factors of 7269.
3, 2423
What are the prime factors of 10351215?
3, 5, 7, 17, 1933
What are the prime factors of 5705700?
2, 3, 5, 7, 11, 13, 19
What are the prime factors of 461818?
2, 7, 32987
List the prime factors of 91587.
3, 30529
What are the prime factors of 1223332?
2, 11, 27803
List the prime factors of 276516.
2, 3, 7681
List the prime factors of 185033.
41, 4513
List the prime factors of 2874142.
2, 503, 2857
What are the prime factors of 818654?
2, 409327
What are the prime factors of 129229?
129229
List the prime factors of 4061327.
239, 16993
List the prime factors of 7656588.
2, 3, 212683
What are the prime factors of 157056?
2, 3, 409
List the prime factors of 265590.
2, 3, 5, 13, 227
What are the prime factors of 133670?
2, 5, 13367
What are the prime factors of 329126?
2, 7, 23509
List the prime factors of 830866.
2, 47, 8839
List the prime factors of 3152418.
2, 3, 103, 5101
List the prime factors of 299313.
3, 7, 4751
List the prime factors of 597224.
2, 74653
List the prime factors of 464203.
29, 16007
What are the prime factors of 9980097?
3, 41, 1979
List the prime factors of 20928169.
29, 721661
What are the prime factors of 566043?
3, 188681
What are the prime factors of 3077367?
3, 1025789
What are the prime factors of 418531?
23, 31, 587
What are the prime factors of 585462?
2, 3, 97577
List the prime factors of 7883482.
2, 3941741
List the prime factors of 4561456.
2, 285091
List the prime factors of 2959808.
2, 103, 449
List the prime factors of 39502.
2, 19751
List the prime factors of 620452.
2, 7, 22159
What are the prime factors of 56346?
2, 3, 9391
What are the prime factors of 8334619?
71, 117389
What are the prime factors of 1169254?
2, 584627
What are the prime factors of 111290?
2, 5, 31, 359
List the prime factors of 74143.
74143
List the prime factors of 5073020.
2, 5, 253651
List the prime factors of 4178111.
7, 23, 25951
What are the prime factors of 828877?
7, 118411
What are the prime factors of 509796?
2, 3, 7, 17
List the prime factors of 119232.
2, 3, 23
What are the prime factors of 124682?
2, 31, 2011
List the prime factors of 160533.
3, 17837
What are the prime factors of 4695801?
3, 11, 142297
List the prime factors of 32319138.
2, 3, 59, 91297
List the prime factors of 291837.
3, 7, 13, 1069
What are the prime factors of 168544?
2, 23, 229
What are the prime factors of 1078359?
3, 113, 3181
What are the prime factors of 64862?
2, 7, 41, 113
What are the prime factors of 282614?
2, 141307
What are the prime factors of 3051475?
5, 7, 47, 53
What are the prime factors of 532873?
11, 193, 251
What are the prime factors of 31046104?
2, 3880763
What are the prime factors of 6184164?
2, 3, 7, 83, 887
List the prime factors of 7841614.
2, 11, 431, 827
What are the prime factors of 515212?
2, 151, 853
What are the prime factors of 1388733?
3, 462911
List the prime factors of 1224634.
2, 612317
What are the prime factors of 8432013?
3, 2810671
What are the prime factors of 1156804?
2, 11, 61, 431
What are the prime factors of 290684?
2, 72671
List the prime factors of 203016.
2, 3, 11, 769
What are the prime factors of 255990?
2, 3, 5, 7, 23, 53
What are the prime factors of 159724?
2, 73, 547
List the prime factors of 4046139.
3, 277, 541
What are the prime factors of 1266652?
2, 316663
What are the prime factors of 814945?
5, 162989
What are the prime factors of 5364445?
5, 37, 107, 271
List the prime factors of 410865.
3, 5, 7, 13, 43
What are the prime factors of 5727172?
2, 11, 11833
List the prime factors of 133226.
2, 29, 2297
What are the prime factors of 7594730?
2, 5, 11, 13, 47, 113
What are the prime factors of 1158551?
1158551
List the prime factors of 245688.
2, 3, 29, 353
What are the prime factors of 434183?
449, 967
What are the prime factors of 673162?
2, 7, 6869
What are the prime factors of 8237498?
2, 4118749
List the prime factors of 160070.
2, 5, 16007
What are the prime factors of 2030323?
677, 2999
List the prime factors of 115831.
115831
List the prime factors of 8197266.
2, 3, 7, 11, 1613
List the prime factors of 6855547.
71, 96557
List the prime factors of 1469549.
47, 31267
What are the prime factors of 1317180?
2, 3, 5, 29, 757
What are the prime factors of 122179?
17, 7187
List the prime factors of 17291516.
2, 11, 17, 23117
What are the prime factors of 637706?
2, 67, 4759
List the prime factors of 13374034.
2, 6687017
List the prime factors of 782459.
17, 46027
What are the prime factors of 399245?
5, 7, 11, 17, 61
What are the prime factors of 4533516?
2, 3, 13, 3229
List the prime factors of 375155.
5, 11, 19, 359
List the prime factors of 692350.
2, 5, 61, 227
List the prime factors of 406057.
491, 827
What are the prime factors of 598785?
3, 5, 11, 19, 191
What are the prime factors of 1836346?
2, 918173
List the prime factors of 128005.
5, 25601
List the prime factors of 621151.
29, 21419
List the prime factors of 240085.
5, 48017
What are the prime factors of 1068205?
5, 213641
List the prime factors of 20561799.
3, 257, 26669
List the prime factors of 82779.
3, 41, 673
What are the prime factors of 338346?
2, 3, 18797
What are the prime factors of 2171146?
2, 733, 1481
List the prime factors of 151604.
2, 151, 251
List the prime factors of 130323.
3, 43441
What are the prime factors of 128959?
128959
What are the prime factors of 322192?
2, 13, 1549
What are the prime factors of 8184129?
3, 2728043
List the prime factors of 5500475.
5, 220019
What are the prime factors of 9885556?
2, 2471389
List the prime factors of 2259513.
3, 251057
List the prime factors of 1518711.
3, 47, 10771
What are the prime factors of 3460301?
13, 266177
List the prime factors of 3173830.
2, 5, 11, 43, 61
List the prime factors of 1670534.
2, 79, 97, 109
List the prime factors of 1958044.
2, 11, 44501
What are the prime factors of 13777113?
3, 7, 31, 21163
What are the prime factors of 16603954?
2, 2113, 3929
List the prime factors of 3986865.
3, 5, 19, 4663
List the prime factors of 10464479.
53, 347, 569
What are the prime factors of 344014?
2, 11, 19, 823
What are the prime factors of 183917?
183917
What are the prime factors of 526318?
2, 13, 31, 653
What are the prime factors of 752612?
2, 7, 26879
What are the prime factors of 684546?
2, 3, 271, 421
List the prime factors of 439726.
2, 7, 641
What are the prime factors of 1719236?
2, 29, 14821
List the prime factors of 235305.
3, 5, 7, 83
What are the prime factors of 3515741?
19, 31, 47, 127
List the prime factors of 521527.
521527
What are the prime factors of 1471347?
3, 163483
List the prime factors of 496343.
496343
What are the prime factors of 661391?
421, 1571
What are the prime factors of 17267830?
2, 5, 257, 6719
What are the prime factors of 342573?
3, 7, 11, 1483
What are the prime factors of 345?
3, 5, 23
What are the prime factors of 7589991?
3, 2529997
List the prime factors of 157553.
11, 14323
What are the prime factors of 207076?
2, 51769
List the prime factors of 250803.
3, 7, 1327
List the prime factors of 234191.
234191
What are the prime factors of 608165?
5, 121633
What are the prime factors of 589489?
283, 2083
List the prime factors of 1672943.
263, 6361
List the prime factors of 103453.
7, 14779
What are the prime factors of 28036963?
28036963
List the prime factors of 7